 b(q) = 2*q**2 - 4*q - 7. What is the remainder when 67 is divided by b(5)?
21
Let z(g) = -g**3 - 8*g**2 + 7*g + 8. What is the remainder when z(-9) is divided by 7?
5
Suppose -6*f = -2*f. Suppose -r + f*d + 12 = d, 5*r = 2*d + 95. What is the remainder when 48 is divided by r?
14
Let r = 20 - -5. Let j(z) = -z**2 - z + 3. Let v be j(-3). Let i = v + 16. What is the remainder when r is divided by i?
12
Suppose -2*w + 36 = -5*s + s, s - 3 = -w. Suppose -5*g + 2*g + 69 = 0. Calculate the remainder when g is divided by w.
7
Let g(w) = -2*w**2 + 33*w - 32. Calculate the remainder when g(13) is divided by 30.
29
Let c = 21 - -32. Let n(h) = -2*h**3 - 11*h**2 - 9*h - 9. What is the remainder when c is divided by n(-5)?
9
Suppose 0 = 5*t - 30 - 80. Let o = -4 + t. Calculate the remainder when 53 is divided by o.
17
Suppose -i - 6 = -3. Let c(u) = 3*u**2 - 2*u + 1. Let y = -12 - -21. Calculate the remainder when c(i) is divided by y.
7
Suppose v - 4*w - 13 - 4 = 0, -2*w - 85 = -5*v. Suppose 3*r = -5*a + 47, 3*r + 2*a - v - 27 = 0. Calculate the remainder when 25 is divided by r.
11
Suppose -o + 9 = -c - 7, -4*c + 104 = 4*o. Let d(j) = -5*j + 1. Let s be (-4 - 0) + (-6)/(-3). Calculate the remainder when o is divided by d(s).
10
Suppose 4*w - 80 = -w. Calculate the remainder when 46 is divided by w.
14
Let w(l) = 2*l**3 + l**2 - 3*l. Let q be w(3). Let a(r) = -r + 4. Let o be a(2). Suppose -n - o*n = -q. Calculate the remainder when n is divided by 10.
8
Suppose -4 = -4*h, -3*h - 23 = -2*v + 20. Suppose -3 = -i - 3*b + 14, 5*b - 47 = -4*i. Calculate the remainder when v is divided by i.
7
Let v = 9 - 6. Suppose n + 2 = -2*b - v, 0 = 4*b + 16. Suppose 0 = 4*m - n*m - 31. What is the remainder when m is divided by 11?
9
Let p = -7 - -4. Suppose 2*b = -2*s + 4, 3*b - 2 - 4 = -4*s. What is the remainder when 0 - (p - (5 - 3)) is divided by b?
1
Suppose 2 = -t + 41. What is the remainder when t is divided by 21?
18
What is the remainder when (6 - 255/25)/((-1)/25) is divided by 27?
24
Let r(l) = 6*l**2 - 15*l + 3. Let u = 23 - 13. What is the remainder when r(4) is divided by u?
9
Suppose 5*b - 3*b - 4 = 0. Suppose -4 = 3*i + 6*p - p, -4*i = -b*p - 38. What is the remainder when 20 is divided by i?
6
Let a = -4 + 15. Suppose 0 = -4*i + 11 + 13. Calculate the remainder when a is divided by i.
5
Let j(x) = -x**3 + 3*x**2 - x - 2. Let n be j(4). Let l = n - -45. Let h(o) = o**2 - 5*o + 2. Calculate the remainder when l is divided by h(6).
7
Let v(c) = 2*c - 3. Let i be v(3). What is the remainder when (-99)/(-4) - i/(-12) is divided by 9?
7
Let l(t) = -3*t**3 - 3*t**2 + 3*t + 1. Let c be l(-4). Let z = c + -93. Calculate the remainder when z is divided by ((-6)/18)/(1/(-42)).
12
Let j(k) = 6*k + 1. Suppose -4*m - 4 = -a, -2*m = -0*m - a. What is the remainder when m/11 - (-398)/11 is divided by j(3)?
17
Suppose -2*o + 210 = o. Calculate the remainder when o is divided by 24.
22
Let v(h) be the third derivative of h**5/60 - 7*h**4/24 + 5*h**3/3 - 4*h**2. Let m = 3 + 3. What is the remainder when v(7) is divided by m?
4
Suppose 5*j - 5*o - 170 = 0, 0 = 5*j + 5*o - 129 - 61. Calculate the remainder when 143 is divided by j.
35
Suppose 4 = a, -2*l - a + 43 = l. What is the remainder when 25 is divided by l?
12
Suppose 3*c - 17 - 25 = 0. What is the remainder when 53 is divided by c?
11
Suppose u - 5*l - 2 = -u, -5*u = -l - 28. Calculate the remainder when 10 is divided by u.
4
Suppose 0 = 6*f - 3*f - 117. What is the remainder when 76 is divided by f?
37
Suppose 41 - 671 = -7*d. What is the remainder when d is divided by 13?
12
Let t be 2 - -1 - -10 - 3. Suppose 0 = -5*d + 4*d + t. What is the remainder when 28 is divided by d?
8
Suppose 3*f = 15 + 18. Calculate the remainder when (-3)/((-24)/14)*24 is divided by f.
9
Let i(d) = d**2 + 6*d + 3. Let m be i(-6). Suppose -4*u - a = a - 102, -54 = -3*u + m*a. What is the remainder when u is divided by 12?
11
Suppose 5*d + 4 = 39. Suppose 7*f - 47 = 79. Calculate the remainder when f is divided by d.
4
Let l = -86 - -109. What is the remainder when 229 is divided by l?
22
Suppose x + 4*x = 520. Calculate the remainder when x is divided by 21.
20
Let c = -27 - -38. What is the remainder when (-3)/6*(-65 + 1) is divided by c?
10
Let j(v) = -v**2 + 1 + 4*v**3 + v - 2 - 2*v**3. Let w = 13 + -11. What is the remainder when j(w) is divided by 5?
3
Suppose 7*n + 24 = 150. Calculate the remainder when n is divided by 10.
8
Suppose d = -4*d - 15, 4*y + 5*d - 125 = 0. What is the remainder when y is divided by 9?
8
Let i(j) = j**3 - 2*j + 1. Let v(s) be the first derivative of -2*s**2 - 7*s + 10. Calculate the remainder when v(-5) is divided by i(2).
3
Let l(d) = -d**2 - 2*d + 145. Calculate the remainder when l(0) is divided by 37.
34
Let o(m) = 2*m**2 + 30*m - 14. What is the remainder when 34 is divided by o(-16)?
16
Let i(k) be the second derivative of -k**3/6 + 3*k**2/2 + 11*k. What is the remainder when 2/(-7) - (-396)/14 is divided by i(-7)?
8
Let u(s) = 5*s**2 - 2*s + 1. Let l = 4 - -5. What is the remainder when l is divided by u(1)?
1
Suppose 2*t + 10 = 0, 0 = 5*f - t - 85 - 0. Let h be 24/5*75/(-10). Let l = 82 + h. What is the remainder when l is divided by f?
14
Let t(a) = -a + 4. Suppose 0 = -5*j + 2*z + 163, j + z + 159 = 6*j. What is the remainder when j is divided by t(-4)?
7
Let n = 50 - 5. Let i = -7 + n. What is the remainder when i is divided by 20?
18
Suppose 2*q - 5*r - 15 = 28, -5*q = -5*r - 100. Suppose 2*h - 208 = -4*w, -274 = -7*w + 2*w + h. Calculate the remainder when w is divided by q.
16
Suppose m - 4*m = 4*b - 21, -b = -3*m + 6. Let p be -1*(0 + m) - -347. Suppose p = 3*d + 134. Calculate the remainder when d is divided by 24.
22
Suppose 3*d = -o + 76, -5*d + 1 + 107 = -3*o. Calculate the remainder when 46 is divided by d.
22
Let a(x) = -4*x - 4. Let q be a(3). Calculate the remainder when 61 is divided by 0*3/9 - q.
13
Let s(w) = 2*w - 6 - w**2 - 3*w**2 + 5*w**2. What is the remainder when s(7) is divided by 15?
12
Let q be (-4)/6 - 50/(-3). Suppose -20 - 2 = -a + 5*t, -a + 3*t = -q. Let l = 2 + a. Calculate the remainder when l is divided by 6.
3
What is the remainder when -2*(20 - 0)/(-1) is divided by 14?
12
Suppose 5*c - 20 = -3*q + 24, q = 5*c - 32. Suppose 4*o + 80 = 5*n, -4*n - n + 2*o + 70 = 0. Calculate the remainder when n is divided by c.
5
Let g = 4 - -1. Calculate the remainder when 19 is divided by g.
4
Suppose 48 = 2*j - 5*u - 21, -5*j + u + 115 = 0. What is the remainder when 63 is divided by j?
19
Suppose -4*w - 4 - 4 = 0. Let o be w/6 - (-12)/(-18). Calculate the remainder when 13 is divided by (2 + -17)*o/3.
3
Let p = 12 - 6. Let o = -70 - -72. Calculate the remainder when p is divided by o.
0
Let s = -91 - -148. Suppose 6*x - 2*x = 192. Let r = x - 28. What is the remainder when s is divided by r?
17
Let u(i) = i**3 + 12*i**2 + 9*i - 2. Let w be u(-11). Let v = 28 - w. Calculate the remainder when 2/2*(-66)/(-3) is divided by v.
6
Suppose 4 = 3*c + 64. Let m = 14 + c. What is the remainder when -1*(-45 + m/3) is divided by 16?
15
Let x(m) = m**2 + 1. Let j be x(3). Let n = 15 - j. What is the remainder when n is divided by 3?
2
Let u(p) = -p**2 - 17*p + 24. What is the remainder when 11 is divided by u(-18)?
5
Let i be ((-2)/(-5))/(1/(-5)). Let g = 4 + i. Suppose g*n = -2*n + 16. What is the remainder when 14 is divided by n?
2
Let g(r) = -2*r - 10. Let f be g(-7). Suppose -f*a = -24 - 4. What is the remainder when 34 is divided by a?
6
Let f = -32 + -3. Let h = -14 - f. Calculate the remainder when h is divided by (22/(-4))/(1/(-2)).
10
Let u = 51 + -29. Let t be 6/2*4/6. What is the remainder when u is divided by 1 + (t - 2) + 11?
10
Suppose -2*q - l + 42 = -5*l, -5*l - 63 = -3*q. Calculate the remainder when 38 - (-1 - (-2)/(-2)) is divided by q.
19
Calculate the remainder when 9 is divided by ((2*-8)/(-4))/2.
1
Let g(l) = l. Let q be g(2). Let b(t) = t**3 - 3*t**2 + 4*t - 2. What is the remainder when 4 is divided by b(q)?
0
Suppose 242 = 4*h + 82. Calculate the remainder when h is divided by 14.
12
Suppose 159 = 2*i - a, 3*i = 4*i + 2*a - 77. Calculate the remainder when i is divided by 10.
9
Suppose c + 2*c + 2*d + 10 = 0, -d - 6 = 2*c. What is the remainder when (1